22*y + 1250. Let l be v(10). Calculate the highest common divisor of l and 2.
2
Let m = -25 + 28. Suppose -3*o - m*o = 54. Let q be -18*5/(30/o). What is the highest common divisor of 9 and q?
9
Let i(y) = -15*y**3 - 11*y**2 - 12*y + 51. Let o be i(-5). What is the greatest common factor of 295 and o?
59
Suppose 6*g = 3*g + 24. Suppose 2*q + g = 2, 60 = 2*x - 2*q. Suppose 0*f - 5*f = l - 28, -94 = -5*l - 2*f. What is the greatest common factor of l and x?
9
Let a(j) = 38*j**2 - 3*j + 1. Let p be a(2). Let m be 30 + (-2 + 2/10)*2180/(-327). What is the highest common factor of p and m?
21
Let u(r) = r**3 + 10*r**2 - 44*r - 66. Let c be u(-12). Calculate the highest common divisor of c and 2001.
87
Let y = -156 + 66. Let g = -74 - y. Suppose -t - 62 = -n, -4*n - 12*t = -7*t - 266. Calculate the greatest common divisor of n and g.
16
Suppose 5632 + 13482 - 81988 = -18*l. Calculate the highest common divisor of 14 and l.
7
Let j(p) = -p**3 + 25*p + 56. Let q be j(-9). What is the greatest common factor of 105 and q?
35
Let v be 110/3 + 0 - 9880/3705. Calculate the highest common factor of v and 85.
17
Let r be 3016/2 - ((-1 - 19)/2 + 13). What is the highest common factor of 70 and r?
35
Let f = -454 + 239. Let l = f + 270. Calculate the greatest common divisor of l and 440.
55
Let l(v) = 42*v**2 - 2*v - 3. Let q be l(-2). Let w = -93 + q. Let s(r) = 4*r - 13. Let i be s(8). What is the highest common divisor of i and w?
19
Let d be ((-3 - 1) + -1)*4/(-10). Suppose -41 - 271 = -2*k - n, d*n + 780 = 5*k. Calculate the highest common divisor of k and 546.
78
Suppose -445 = 42*y - 2125. What is the greatest common divisor of y and 32?
8
Let c(r) = 86*r**2 + 53*r - 52. Let j be c(1). Suppose 0 = 5*q - 33 + 8. Suppose -q*d = 17 + 8, -3*k + j = -3*d. What is the highest common factor of 16 and k?
8
Let n = -36 + 43. Let h(g) = 5 + 2*g**3 + 0*g**3 + 47*g - 55*g - n*g**2. Let z be h(5). Calculate the greatest common factor of 8 and z.
8
Let s be 6/2*(4 - -7). Suppose -i = -0*i + s. Let o be 6/i + 334/22. What is the greatest common factor of 150 and o?
15
Suppose -8*x = -75 - 101. Suppose 132 = -17*t + 20*t. Let w = t - 11. What is the highest common divisor of w and x?
11
Let i(r) = 36*r + 4744. Let p be i(-98). What is the greatest common factor of p and 228?
76
Suppose 4*q - 1698 = -2*z + 2050, -q + 919 = -4*z. Calculate the greatest common factor of 68 and q.
17
Let h be 74/3 + (-16)/(-48) + -3. Suppose -h*u + 192 = -16*u. What is the highest common divisor of u and 256?
32
Let s = -95 + 119. Let b be 4 + (-1)/2 + 2605/10. What is the highest common factor of b and s?
24
Let c = 385 + -350. Let a be (4 - (-60)/(-6))*c/(-6). Calculate the greatest common divisor of a and 245.
35
Let p = -4340 - -4384. What is the highest common factor of p and 242?
22
Suppose 0 = 3*n + 4 - 16. Suppose d = -6 + 12. Let r be (-62 - -6)*d/(-12). What is the greatest common factor of n and r?
4
Suppose -5 = o - 0, 3*u + o - 58 = 0. Let m(z) = -1363*z - 82786. Let f be m(-61). What is the highest common factor of u and f?
21
Suppose v + 28 = 2*m, 0 = -m + 4*v + 6 + 29. Calculate the greatest common factor of 7249 and m.
11
Suppose 0 = 2*q - 33 + 25. Let h be 1 - q*(63/(-12) + 1). Let j(r) = 44*r + 2. Let m be j(2). What is the greatest common factor of h and m?
18
Let v = 225 - 207. Suppose -9*t + 12*t = 228. Let h = t + -58. Calculate the greatest common factor of h and v.
18
Let u(j) be the third derivative of j**6/40 - j**5/15 + 11*j**4/24 - 57*j**2 + j. Let y be u(6). What is the highest common divisor of y and 30?
30
Suppose 0*u = -4*u + 160. Let y(r) = r**3 + r**2 + 9*r - 26. Let i be y(6). Calculate the highest common divisor of i and u.
40
Suppose -5*j + 15 = o + o, -3*o + 80 = -4*j. Let h = -22317 - -22337. Calculate the highest common divisor of o and h.
20
Let y(k) = 10*k - 552. Let g be y(60). Let l(o) = -2*o**3 + 2*o + 8. Let z be l(-4). What is the greatest common factor of g and z?
16
Suppose -88686 - 269394 = -5*t. Let m be (t/(-2))/(-6) + -1*2. Let d be m/57 + 1/3. What is the greatest common factor of 70 and d?
35
Suppose 2*o - 219 - 225 = -390. Let n be 395/2*(-12)/15. Let u be n/(-18) + (-4)/(-18). Calculate the highest common factor of u and o.
9
Suppose -59*a + 49*a + 51380 = 0. What is the highest common divisor of a and 14?
14
Suppose 3 + 13 = -4*w, c + 3*w = -111. Let o = 139 - c. Calculate the greatest common factor of 170 and o.
34
Suppose 0 = -5*c + 5*z + 3715, 0 = 2*c + 5*z - 1320 - 152. Suppose 20*n = n + c. What is the highest common factor of n and 91?
13
Let l be (3/(-6))/((-1)/(-10)). Let x(v) = -96*v + 12 + 81*v - v. Let z be x(l). What is the highest common factor of z and 23?
23
Let c(b) = 2*b + 18. Let x(v) = -v + 2. Let m(g) = 3*c(g) + 3*x(g). Let q be m(8). Calculate the greatest common factor of 42 and q.
42
Let v(j) = 2*j**2 - 178*j + 1314. Let z be v(7). What is the greatest common divisor of z and 32?
2
Suppose -5*w = -6*w + 462. Let f = 758 - w. What is the highest common factor of f and 37?
37
Suppose -d = 3*r - 66, 0 = -3*r - 66*d + 63*d + 54. What is the greatest common factor of r and 1698?
6
Let c(q) = 3012*q**2 - 8*q - 2. Let b be c(1). Calculate the greatest common divisor of 38 and b.
38
Let l = 3443 + -3353. What is the greatest common factor of l and 126?
18
Let l(y) = 963*y**2 - 37*y + 70. Let q be l(2). What is the greatest common divisor of q and 26?
26
Suppose 52 = -0*v + 4*v. Suppose 0 = -7*d + v*d - 96. Calculate the greatest common factor of d and 12.
4
Suppose 4*g = 7*i - 2*i + 79, 2*i = g - 16. Let a be 36*g*5/30. Let f be (-54)/(-15)*30/9. Calculate the highest common divisor of f and a.
12
Let b = -4922 + 7484. What is the greatest common factor of b and 42?
42
Let j = -10 + 21. Suppose -j = -3*b + 115. Suppose 0 = -704*d - 199*d - 1291 + 20254. Calculate the greatest common divisor of d and b.
21
Suppose p - 319 = -327. Let l be (p + 7)/((-1)/4) + 2. What is the highest common divisor of l and 96?
6
Let n be (9/6)/((-3)/(-6)). Let p be n/(-12) - 793/(-4). Calculate the highest common divisor of p and 66.
66
Suppose -2*p + i - 364 = 2*p, p + 4*i + 91 = 0. Let w be (p + 0)/(0 + 4/(-16)). What is the highest common divisor of w and 52?
52
Let d be 9/2 + (-6)/(-4). Let v be d/(-8)*-4 - -16. Let w(n) = n**2 - 18*n + 17. Let a be w(v). What is the greatest common divisor of a and 9?
9
Let y(q) be the third derivative of -q**5/60 + q**4/2 - 16*q**3/3 - 74*q**2. Let c be y(5). What is the greatest common factor of c and 93?
3
Let f = -859 + 882. Let h(v) = -7*v**2 - 43*v - 5. Let r be h(-6). What is the greatest common divisor of f and r?
1
Suppose -4*d + 2*u = 3*u + 27, 2*u + 12 = -d. Let y = 154 + -116. Let f = y - d. Calculate the greatest common divisor of f and 110.
22
Let f = -25707 + 28203. What is the greatest common factor of 1536 and f?
192
Suppose -5*z - 1520 = -10*z. Let g(l) = -2834*l + 62364. Let n be g(22). What is the greatest common factor of n and z?
16
Let x = 33849 + -33721. What is the greatest common factor of x and 6592?
64
Let u = 47 + -37. Suppose 270 = -0*j - 2*j. Let q = -55 - j. What is the highest common divisor of u and q?
10
Suppose -3*p + 2*c + 40566 = 0, 4*p + 5*c = 38541 + 15524. Calculate the highest common factor of 20 and p.
20
Suppose 70*k - 34381 - 29249 = 0. What is the highest common divisor of k and 505?
101
Let m = -7 + 203. Let s = 31996 + -31992. What is the highest common divisor of s and m?
4
Let h(c) = 5*c - 122. Let r(x) = x - 25. Let n(y) = 2*h(y) - 11*r(y). Let k be n(22). What is the greatest common divisor of 36 and k?
9
Let i(g) = -120*g**3 + 2*g**2 - 2*g + 1. Let b be i(1). Let c = 172 + b. Let w = c - 39. What is the greatest common factor of 14 and w?
14
Let u be (13/2)/((-3)/(-6)). Let a be (3 - -61)/4 + (-40)/8. Suppose -2145 = -22*q - a*q. What is the highest common divisor of u and q?
13
Let w = 4428 + -4405. What is the highest common divisor of w and 13662?
23
Suppose 3*t - 4*f - 20 = 0, 0*t = 5*t - 2*f - 38. Let z be (6 - (-4680)/t) + -3. Calculate the greatest common factor of z and 252.
84
Let b = 6279 + -6132. What is the greatest common factor of b and 1862?
49
Let s = -47 - -69. Suppose -g = 4*q + 22, -g - 1 = -q - 4. Let l be ((-132)/(-14))/(